{"id":201,"date":"2017-05-26T14:29:08","date_gmt":"2017-05-26T14:29:08","guid":{"rendered":"http:\/\/wordpress.cvjm-ratingen.de\/?page_id=201"},"modified":"2022-12-22T18:02:17","modified_gmt":"2022-12-22T18:02:17","slug":"jugendposaunenchor","status":"publish","type":"page","link":"http:\/\/cvjm-ratingen.de\/?page_id=201","title":{"rendered":"Jugendposaunenchor"},"content":{"rendered":"<p><img loading=\"lazy\" decoding=\"async\" class=\"alignright wp-image-248\" src=\"http:\/\/wordpress.cvjm-ratingen.de\/wp-content\/uploads\/2017\/05\/Jugendposaunen-1-382x1024.jpg\" alt=\"\" width=\"250\" height=\"671\" srcset=\"http:\/\/cvjm-ratingen.de\/wp-content\/uploads\/2017\/05\/Jugendposaunen-1-382x1024.jpg 382w, http:\/\/cvjm-ratingen.de\/wp-content\/uploads\/2017\/05\/Jugendposaunen-1-112x300.jpg 112w, http:\/\/cvjm-ratingen.de\/wp-content\/uploads\/2017\/05\/Jugendposaunen-1.jpg 499w\" sizes=\"auto, (max-width: 250px) 100vw, 250px\" \/>Die Leitung des CVJM-Jugendposaunenchors liegt im Auftrage des CVJM bei Agnes Schl\u00fcter. Der CVJM Ratingen e.V. erm\u00f6glicht Ratinger Kindern und Jugendlichen den Einstieg in eine sinnvolle musikalische Freizeitgestaltung unter fachlicher Anleitung. Die Posaunench\u00f6re sind ein Markenzeichen im deutschen CVJM und es ist unser Bestreben diese gute Tradition, die in Ratingen schon seit mehr 70 Jahren besteht, mit dem Jugendposaunenchor fortzuf\u00fchren. Soweit der Vorrat reicht stellen wir die Instrumente kostenlos zur Verf\u00fcgung.<br \/>\nWir treffen uns jeden Samstag, au\u00dfer in den Ferien nat\u00fcrlich, von 11:00 bis 12:00 Uhr zur gemeinsamen Probe im CVJM Haus, Gr\u00fctstr.11, 40878 Ratingen. Mutti kann derweil dann einkaufen.<\/p>\n<p>Musizieren f\u00f6rdert die Intelligenz, so sagen jedenfalls Wissenschaftler aus der Soziologie und Psychologie. Sie sprechen hier von dem sogenannten Mozarteffekt. Das gemeinsame Musizieren in einer Gruppe hilft den Kindern und Jugendlichen auch ihren Schulstress abzubauen, weil es die Seele frei macht. Also, ihr seid herzlich willkommen im Jugendposaunenchor des CVJM Ratingen e.V.<br \/>\nIn jedem Jahr besucht unser Posaunenchor Grundschulklassen des 2. und 3. Jahrgangs und stellt ihnen die Instrumente und den Posaunenchor vor, soweit es die gesundheitlichen Vorschriften erlauben. Den Kindern bereitet es viel Freude, die Bandbreite von der kleinen Trompete bis hin zur gro\u00dfen Tuba ausprobieren zu k\u00f6nnen. Im Anschluss an die Schulbesuche laden wir ein zu einem Schnuppernachmittag mit dem Motto Blechblasen und Blechkuchen. Die Termine geben wir auf der Web-Seite fr\u00fchzeitig bekannt.<\/p>\n<p>Wir k\u00f6nnen leider nicht alle Grundschulen besuchen. Darum m\u00f6chte ich hiermit alle Kinder, die Interesse haben bei uns mitzumachen, ganz herzlich einladen!<\/p>\n<p>Eure Agnes Schl\u00fcter<\/p>\n<p><strong>Kontakt<\/strong><\/p>\n<p>Agnes Schl\u00fcter<br \/>\nTelefon: 0157 550 886 16)<br \/>\nE-Mail: <a href=\"mailto:agnes.schlueter@tu-dortmund.de\">agnes.schlueter@tu-dortmund.de<\/a><\/p>\n<p>Helmut Gerhold<br \/>\nTelefon: 0157 364 354 12<br \/>\nE-Mail: <a href=\"mailto:HelmutGerhold@CVJM-Ratingen.de\">HelmutGerhold@CVJM-Ratingen.de<\/a><\/p>\n<p>&nbsp;<\/p>\n","protected":false},"excerpt":{"rendered":"<p>Die Leitung des CVJM-Jugendposaunenchors liegt im Auftrage des CVJM bei Agnes Schl\u00fcter. Der CVJM Ratingen e.V. erm\u00f6glicht Ratinger Kindern und Jugendlichen den Einstieg in eine sinnvolle musikalische Freizeitgestaltung unter fachlicher Anleitung. Die Posaunench\u00f6re sind ein Markenzeichen im deutschen CVJM und es ist unser Bestreben diese gute Tradition, die in Ratingen schon seit mehr 70 Jahren [&hellip;]<\/p>\n","protected":false},"author":1,"featured_media":0,"parent":0,"menu_order":0,"comment_status":"closed","ping_status":"closed","template":"","meta":{"footnotes":""},"class_list":["post-201","page","type-page","status-publish","hentry"],"_links":{"self":[{"href":"http:\/\/cvjm-ratingen.de\/index.php?rest_route=\/wp\/v2\/pages\/201","targetHints":{"allow":["GET"]}}],"collection":[{"href":"http:\/\/cvjm-ratingen.de\/index.php?rest_route=\/wp\/v2\/pages"}],"about":[{"href":"http:\/\/cvjm-ratingen.de\/index.php?rest_route=\/wp\/v2\/types\/page"}],"author":[{"embeddable":true,"href":"http:\/\/cvjm-ratingen.de\/index.php?rest_route=\/wp\/v2\/users\/1"}],"replies":[{"embeddable":true,"href":"http:\/\/cvjm-ratingen.de\/index.php?rest_route=%2Fwp%2Fv2%2Fcomments&post=201"}],"version-history":[{"count":8,"href":"http:\/\/cvjm-ratingen.de\/index.php?rest_route=\/wp\/v2\/pages\/201\/revisions"}],"predecessor-version":[{"id":846,"href":"http:\/\/cvjm-ratingen.de\/index.php?rest_route=\/wp\/v2\/pages\/201\/revisions\/846"}],"wp:attachment":[{"href":"http:\/\/cvjm-ratingen.de\/index.php?rest_route=%2Fwp%2Fv2%2Fmedia&parent=201"}],"curies":[{"name":"wp","href":"https:\/\/api.w.org\/{rel}","templated":true}]}}