{"id":45,"date":"2017-05-25T19:53:52","date_gmt":"2017-05-25T19:53:52","guid":{"rendered":"http:\/\/wordpress.cvjm-ratingen.de\/?page_id=45"},"modified":"2020-03-18T21:35:58","modified_gmt":"2020-03-18T21:35:58","slug":"seite-1","status":"publish","type":"page","link":"http:\/\/cvjm-ratingen.de\/?page_id=45","title":{"rendered":"CVJM-Ratingen e. V."},"content":{"rendered":"<h3><img loading=\"lazy\" decoding=\"async\" class=\"alignright wp-image-110\" src=\"http:\/\/cvjm-ratingen.de\/wp-content\/uploads\/2017\/05\/CVJM-Haus-e1584567055427.jpg\" alt=\"\" width=\"400\" height=\"533\" \/><\/h3>\n<p>Der CVJM Ratingen e.V. lebt die christliche Gemeinschaft durch die aktive Auseinandersetzung mit der Bibel, ein \u00fcberaus hohes Engagement f\u00fcr die Jugendarbeit, den Sport, insbesondere dem Volleyball, und die Musik im Posaunenchor.<\/p>\n<p>Wir sind ein Verein mit langer Tradition und leisten einen Beitrag zu sozialen Aufgaben in Ratingen. So richten wir zum Beispiel am Heiligen Abend f\u00fcr alleinstehende Menschen eine Weihnachtsfeier aus.<\/p>\n<p>Alle Aufgaben im CVJM-Ratingen e.V. werden von ehrenamtlichen Mitgliedern wahrgenommen. Menschen, die unsere Arbeit in Ratingen unterst\u00fctzen wollen, mit ihrem pers\u00f6nlichen Engagement, ihren Ideen, ihren Empfehlungen oder auch finanziell, sind immer herzlich willkommen.<\/p>\n<p>Unser Verein geh\u00f6rt zum CVJM-Kreisverband Niederberg und ist dem CVJM-Westbund angeschlossen. Der CVJM-Ratingen e. V. ist Mitglied des Stadtjugendring Ratingens.<\/p>\n<p>Der CVJM-Ratingen e. V. feiert im Jahr 2017 sein 125-j\u00e4hriges Jubil\u00e4um. Feiern Sie mit uns!<\/p>\n<h3>CVJM<\/h3>\n<p>der Christliche Verein Junger Menschen ist<\/p>\n<ul>\n<li>der gr\u00f6\u00dfte christlich-\u00f6kumenische Jugendverband in Deutschland &#8211; \u00fcberparteilich, konfessionsunabh\u00e4ngig.<\/li>\n<li>ein Treffpunkt f\u00fcr ca. 330.000 junge Menschen in 2.200 Vereinen &#8211; allein in Deutschland.<\/li>\n<li>eine weltweite Gemeinschaft der CVJM \/ YMCA \/ YWCA,\u00a0zu der 130 L\u00e4nder mit ca. 45 Mio. Mitgliedern geh\u00f6ren.<\/li>\n<\/ul>\n<p>Ausf\u00fchrliche Informationen finden sie unter:<\/p>\n<ul>\n<li><strong><u><a href=\"http:\/\/www.cvjm-westbund.de\/\">CVJM-Westbund<\/a><\/u><\/strong><\/li>\n<li><a href=\"http:\/\/cvjm.de\/cvjm\/\"><strong><u>CVJM Deutschland<\/u><\/strong><\/a><\/li>\n<li><strong><u><a href=\"http:\/\/www.ymca.int\/\">CVJM-Weltbund<\/a><\/u><\/strong><\/li>\n<\/ul>\n","protected":false},"excerpt":{"rendered":"<p>Der CVJM Ratingen e.V. lebt die christliche Gemeinschaft durch die aktive Auseinandersetzung mit der Bibel, ein \u00fcberaus hohes Engagement f\u00fcr die Jugendarbeit, den Sport, insbesondere dem Volleyball, und die Musik im Posaunenchor. Wir sind ein Verein mit langer Tradition und leisten einen Beitrag zu sozialen Aufgaben in Ratingen. So richten wir zum Beispiel am Heiligen [&hellip;]<\/p>\n","protected":false},"author":1,"featured_media":0,"parent":0,"menu_order":0,"comment_status":"closed","ping_status":"closed","template":"","meta":{"footnotes":""},"class_list":["post-45","page","type-page","status-publish","hentry"],"_links":{"self":[{"href":"http:\/\/cvjm-ratingen.de\/index.php?rest_route=\/wp\/v2\/pages\/45","targetHints":{"allow":["GET"]}}],"collection":[{"href":"http:\/\/cvjm-ratingen.de\/index.php?rest_route=\/wp\/v2\/pages"}],"about":[{"href":"http:\/\/cvjm-ratingen.de\/index.php?rest_route=\/wp\/v2\/types\/page"}],"author":[{"embeddable":true,"href":"http:\/\/cvjm-ratingen.de\/index.php?rest_route=\/wp\/v2\/users\/1"}],"replies":[{"embeddable":true,"href":"http:\/\/cvjm-ratingen.de\/index.php?rest_route=%2Fwp%2Fv2%2Fcomments&post=45"}],"version-history":[{"count":9,"href":"http:\/\/cvjm-ratingen.de\/index.php?rest_route=\/wp\/v2\/pages\/45\/revisions"}],"predecessor-version":[{"id":612,"href":"http:\/\/cvjm-ratingen.de\/index.php?rest_route=\/wp\/v2\/pages\/45\/revisions\/612"}],"wp:attachment":[{"href":"http:\/\/cvjm-ratingen.de\/index.php?rest_route=%2Fwp%2Fv2%2Fmedia&parent=45"}],"curies":[{"name":"wp","href":"https:\/\/api.w.org\/{rel}","templated":true}]}}